{"id":139,"date":"2021-11-10T11:20:27","date_gmt":"2021-11-10T11:20:27","guid":{"rendered":"https:\/\/www.cesamseed.com\/site\/?page_id=139"},"modified":"2021-12-17T09:04:33","modified_gmt":"2021-12-17T09:04:33","slug":"jobs","status":"publish","type":"page","link":"https:\/\/www.cesamseed.com\/site\/jobs","title":{"rendered":"Emploi PLM"},"content":{"rendered":"\t\t<div data-elementor-type=\"wp-page\" data-elementor-id=\"139\" class=\"elementor elementor-139\" data-elementor-post-type=\"page\">\n\t\t\t\t\t\t<section class=\"elementor-section elementor-top-section elementor-element elementor-element-3852116 elementor-section-boxed elementor-section-height-default elementor-section-height-default\" data-id=\"3852116\" data-element_type=\"section\" data-e-type=\"section\">\n\t\t\t\t\t\t<div class=\"elementor-container elementor-column-gap-default\">\n\t\t\t\t\t<div class=\"elementor-column elementor-col-100 elementor-top-column elementor-element elementor-element-0356682\" data-id=\"0356682\" data-element_type=\"column\" data-e-type=\"column\">\n\t\t\t<div class=\"elementor-widget-wrap elementor-element-populated\">\n\t\t\t\t\t\t<div class=\"elementor-element elementor-element-7674889 elementor-widget elementor-widget-heading\" data-id=\"7674889\" data-element_type=\"widget\" data-e-type=\"widget\" data-widget_type=\"heading.default\">\n\t\t\t\t<div class=\"elementor-widget-container\">\n\t\t\t\t\t<h1 class=\"elementor-heading-title elementor-size-default\">emploi PLM : Cesam Seed recrute<\/h1>\t\t\t\t<\/div>\n\t\t\t\t<\/div>\n\t\t\t\t\t<\/div>\n\t\t<\/div>\n\t\t\t\t\t<\/div>\n\t\t<\/section>\n\t\t\t\t<section class=\"elementor-section elementor-top-section elementor-element elementor-element-09137e3 elementor-section-boxed elementor-section-height-default elementor-section-height-default elementor-invisible\" data-id=\"09137e3\" data-element_type=\"section\" data-e-type=\"section\" data-settings=\"{&quot;animation&quot;:&quot;fadeInUp&quot;}\">\n\t\t\t\t\t\t<div class=\"elementor-container elementor-column-gap-default\">\n\t\t\t\t\t<div class=\"elementor-column elementor-col-100 elementor-top-column elementor-element elementor-element-e656341\" data-id=\"e656341\" data-element_type=\"column\" data-e-type=\"column\">\n\t\t\t<div class=\"elementor-widget-wrap elementor-element-populated\">\n\t\t\t\t\t\t<div class=\"elementor-element elementor-element-c846644 elementor-widget-divider--view-line elementor-widget elementor-widget-divider\" data-id=\"c846644\" data-element_type=\"widget\" data-e-type=\"widget\" data-widget_type=\"divider.default\">\n\t\t\t\t<div class=\"elementor-widget-container\">\n\t\t\t\t\t\t\t<div class=\"elementor-divider\">\n\t\t\t<span class=\"elementor-divider-separator\">\n\t\t\t\t\t\t<\/span>\n\t\t<\/div>\n\t\t\t\t\t\t<\/div>\n\t\t\t\t<\/div>\n\t\t\t\t\t<\/div>\n\t\t<\/div>\n\t\t\t\t\t<\/div>\n\t\t<\/section>\n\t\t\t\t<section class=\"elementor-section elementor-top-section elementor-element elementor-element-c1b5057 elementor-section-boxed elementor-section-height-default elementor-section-height-default\" data-id=\"c1b5057\" data-element_type=\"section\" data-e-type=\"section\">\n\t\t\t\t\t\t<div class=\"elementor-container elementor-column-gap-default\">\n\t\t\t\t\t<div class=\"elementor-column elementor-col-100 elementor-top-column elementor-element elementor-element-dc906de\" data-id=\"dc906de\" data-element_type=\"column\" data-e-type=\"column\">\n\t\t\t<div class=\"elementor-widget-wrap elementor-element-populated\">\n\t\t\t\t\t\t<div class=\"elementor-element elementor-element-8f239b2 elementor-widget elementor-widget-heading\" data-id=\"8f239b2\" data-element_type=\"widget\" data-e-type=\"widget\" data-widget_type=\"heading.default\">\n\t\t\t\t<div class=\"elementor-widget-container\">\n\t\t\t\t\t<h2 class=\"elementor-heading-title elementor-size-default\">Pourquoi nous rejoindre ?<\/h2>\t\t\t\t<\/div>\n\t\t\t\t<\/div>\n\t\t\t\t\t<\/div>\n\t\t<\/div>\n\t\t\t\t\t<\/div>\n\t\t<\/section>\n\t\t\t\t<section class=\"elementor-section elementor-top-section elementor-element elementor-element-5fd4bf68 elementor-section-content-bottom elementor-section-boxed elementor-section-height-default elementor-section-height-default\" data-id=\"5fd4bf68\" data-element_type=\"section\" data-e-type=\"section\">\n\t\t\t\t\t\t<div class=\"elementor-container elementor-column-gap-default\">\n\t\t\t\t\t<div class=\"elementor-column elementor-col-25 elementor-top-column elementor-element elementor-element-27c9d9c0\" data-id=\"27c9d9c0\" data-element_type=\"column\" data-e-type=\"column\">\n\t\t\t<div class=\"elementor-widget-wrap elementor-element-populated\">\n\t\t\t\t\t\t<div class=\"elementor-element elementor-element-55a9b4da elementor-position-top elementor-invisible elementor-widget elementor-widget-image-box\" data-id=\"55a9b4da\" data-element_type=\"widget\" data-e-type=\"widget\" data-settings=\"{&quot;_animation&quot;:&quot;fadeInLeft&quot;,&quot;_animation_delay&quot;:100}\" data-widget_type=\"image-box.default\">\n\t\t\t\t<div class=\"elementor-widget-container\">\n\t\t\t\t\t<div class=\"elementor-image-box-wrapper\"><figure class=\"elementor-image-box-img\"><img fetchpriority=\"high\" decoding=\"async\" width=\"512\" height=\"512\" src=\"https:\/\/www.cesamseed.com\/site\/wp-content\/uploads\/2021\/11\/challenges.png\" class=\"attachment-full size-full wp-image-1081\" alt=\"challenges\" srcset=\"https:\/\/www.cesamseed.com\/site\/wp-content\/uploads\/2021\/11\/challenges.png 512w, https:\/\/www.cesamseed.com\/site\/wp-content\/uploads\/2021\/11\/challenges-300x300.png 300w, https:\/\/www.cesamseed.com\/site\/wp-content\/uploads\/2021\/11\/challenges-150x150.png 150w\" sizes=\"(max-width: 512px) 100vw, 512px\" \/><\/figure><div class=\"elementor-image-box-content\"><h3 class=\"elementor-image-box-title\">Relevez de passionnants d\u00e9fis<\/h3><\/div><\/div>\t\t\t\t<\/div>\n\t\t\t\t<\/div>\n\t\t\t\t\t<\/div>\n\t\t<\/div>\n\t\t\t\t<div class=\"elementor-column elementor-col-25 elementor-top-column elementor-element elementor-element-4b4b2307\" data-id=\"4b4b2307\" data-element_type=\"column\" data-e-type=\"column\">\n\t\t\t<div class=\"elementor-widget-wrap elementor-element-populated\">\n\t\t\t\t\t\t<div class=\"elementor-element elementor-element-47dd183e elementor-position-top elementor-invisible elementor-widget elementor-widget-image-box\" data-id=\"47dd183e\" data-element_type=\"widget\" data-e-type=\"widget\" data-settings=\"{&quot;_animation&quot;:&quot;fadeInLeft&quot;,&quot;_animation_delay&quot;:300}\" data-widget_type=\"image-box.default\">\n\t\t\t\t<div class=\"elementor-widget-container\">\n\t\t\t\t\t<div class=\"elementor-image-box-wrapper\"><figure class=\"elementor-image-box-img\"><img decoding=\"async\" width=\"512\" height=\"512\" src=\"https:\/\/www.cesamseed.com\/site\/wp-content\/uploads\/2021\/11\/parcours.png\" class=\"attachment-full size-full wp-image-1083\" alt=\"\" srcset=\"https:\/\/www.cesamseed.com\/site\/wp-content\/uploads\/2021\/11\/parcours.png 512w, https:\/\/www.cesamseed.com\/site\/wp-content\/uploads\/2021\/11\/parcours-300x300.png 300w, https:\/\/www.cesamseed.com\/site\/wp-content\/uploads\/2021\/11\/parcours-150x150.png 150w\" sizes=\"(max-width: 512px) 100vw, 512px\" \/><\/figure><div class=\"elementor-image-box-content\"><h3 class=\"elementor-image-box-title\">D\u00e9couvrez d'\u00e9tonnantes possibilit\u00e9s de parcours<\/h3><\/div><\/div>\t\t\t\t<\/div>\n\t\t\t\t<\/div>\n\t\t\t\t\t<\/div>\n\t\t<\/div>\n\t\t\t\t<div class=\"elementor-column elementor-col-25 elementor-top-column elementor-element elementor-element-5621d256\" data-id=\"5621d256\" data-element_type=\"column\" data-e-type=\"column\">\n\t\t\t<div class=\"elementor-widget-wrap elementor-element-populated\">\n\t\t\t\t\t\t<div class=\"elementor-element elementor-element-1effe7f6 elementor-position-top elementor-invisible elementor-widget elementor-widget-image-box\" data-id=\"1effe7f6\" data-element_type=\"widget\" data-e-type=\"widget\" data-settings=\"{&quot;_animation&quot;:&quot;fadeInLeft&quot;,&quot;_animation_delay&quot;:500}\" data-widget_type=\"image-box.default\">\n\t\t\t\t<div class=\"elementor-widget-container\">\n\t\t\t\t\t<div class=\"elementor-image-box-wrapper\"><figure class=\"elementor-image-box-img\"><img decoding=\"async\" width=\"512\" height=\"512\" src=\"https:\/\/www.cesamseed.com\/site\/wp-content\/uploads\/2021\/11\/competences.png\" class=\"attachment-full size-full wp-image-1082\" alt=\"competences\" srcset=\"https:\/\/www.cesamseed.com\/site\/wp-content\/uploads\/2021\/11\/competences.png 512w, https:\/\/www.cesamseed.com\/site\/wp-content\/uploads\/2021\/11\/competences-300x300.png 300w, https:\/\/www.cesamseed.com\/site\/wp-content\/uploads\/2021\/11\/competences-150x150.png 150w\" sizes=\"(max-width: 512px) 100vw, 512px\" \/><\/figure><div class=\"elementor-image-box-content\"><h3 class=\"elementor-image-box-title\">D\u00e9veloppez votre potentiel de comp\u00e9tences<\/h3><\/div><\/div>\t\t\t\t<\/div>\n\t\t\t\t<\/div>\n\t\t\t\t\t<\/div>\n\t\t<\/div>\n\t\t\t\t<div class=\"elementor-column elementor-col-25 elementor-top-column elementor-element elementor-element-d5015e9\" data-id=\"d5015e9\" data-element_type=\"column\" data-e-type=\"column\">\n\t\t\t<div class=\"elementor-widget-wrap elementor-element-populated\">\n\t\t\t\t\t\t<div class=\"elementor-element elementor-element-332edcb2 elementor-position-top elementor-invisible elementor-widget elementor-widget-image-box\" data-id=\"332edcb2\" data-element_type=\"widget\" data-e-type=\"widget\" data-settings=\"{&quot;_animation&quot;:&quot;fadeInLeft&quot;,&quot;_animation_delay&quot;:700}\" data-widget_type=\"image-box.default\">\n\t\t\t\t<div class=\"elementor-widget-container\">\n\t\t\t\t\t<div class=\"elementor-image-box-wrapper\"><figure class=\"elementor-image-box-img\"><img loading=\"lazy\" decoding=\"async\" width=\"512\" height=\"512\" src=\"https:\/\/www.cesamseed.com\/site\/wp-content\/uploads\/2021\/11\/motivation.png\" class=\"attachment-full size-full wp-image-1084\" alt=\"motivation\" srcset=\"https:\/\/www.cesamseed.com\/site\/wp-content\/uploads\/2021\/11\/motivation.png 512w, https:\/\/www.cesamseed.com\/site\/wp-content\/uploads\/2021\/11\/motivation-300x300.png 300w, https:\/\/www.cesamseed.com\/site\/wp-content\/uploads\/2021\/11\/motivation-150x150.png 150w\" sizes=\"(max-width: 512px) 100vw, 512px\" \/><\/figure><div class=\"elementor-image-box-content\"><h3 class=\"elementor-image-box-title\"> B\u00e9n\u00e9ficiez de conditions motivantes<\/h3><\/div><\/div>\t\t\t\t<\/div>\n\t\t\t\t<\/div>\n\t\t\t\t\t<\/div>\n\t\t<\/div>\n\t\t\t\t\t<\/div>\n\t\t<\/section>\n\t\t\t\t<section class=\"elementor-section elementor-top-section elementor-element elementor-element-9851079 elementor-section-boxed elementor-section-height-default elementor-section-height-default\" data-id=\"9851079\" data-element_type=\"section\" data-e-type=\"section\">\n\t\t\t\t\t\t<div class=\"elementor-container elementor-column-gap-default\">\n\t\t\t\t\t<div class=\"elementor-column elementor-col-100 elementor-top-column elementor-element elementor-element-b49a994\" data-id=\"b49a994\" data-element_type=\"column\" data-e-type=\"column\">\n\t\t\t<div class=\"elementor-widget-wrap elementor-element-populated\">\n\t\t\t\t\t\t<div class=\"elementor-element elementor-element-8adfeb4 elementor-widget elementor-widget-heading\" data-id=\"8adfeb4\" data-element_type=\"widget\" data-e-type=\"widget\" data-widget_type=\"heading.default\">\n\t\t\t\t<div class=\"elementor-widget-container\">\n\t\t\t\t\t<h2 class=\"elementor-heading-title elementor-size-default\">Nos offres <\/h2>\t\t\t\t<\/div>\n\t\t\t\t<\/div>\n\t\t\t\t\t<\/div>\n\t\t<\/div>\n\t\t\t\t\t<\/div>\n\t\t<\/section>\n\t\t\t\t<section class=\"elementor-section elementor-top-section elementor-element elementor-element-5107541a elementor-section-full_width elementor-section-height-default elementor-section-height-default\" data-id=\"5107541a\" data-element_type=\"section\" data-e-type=\"section\">\n\t\t\t\t\t\t<div class=\"elementor-container elementor-column-gap-no\">\n\t\t\t\t\t<div class=\"elementor-column elementor-col-100 elementor-top-column elementor-element elementor-element-5cbfeead\" data-id=\"5cbfeead\" data-element_type=\"column\" data-e-type=\"column\">\n\t\t\t<div class=\"elementor-widget-wrap elementor-element-populated\">\n\t\t\t\t\t\t<div class=\"elementor-element elementor-element-4129e42f elementor-grid-tablet-1 elementor-grid-1 elementor-posts--align-center elementor-posts--thumbnail-none elementor-grid-mobile-1 elementor-card-shadow-yes elementor-posts__hover-gradient elementor-widget elementor-widget-posts\" data-id=\"4129e42f\" data-element_type=\"widget\" data-e-type=\"widget\" data-settings=\"{&quot;cards_columns_tablet&quot;:&quot;1&quot;,&quot;cards_row_gap&quot;:{&quot;unit&quot;:&quot;px&quot;,&quot;size&quot;:50,&quot;sizes&quot;:[]},&quot;cards_columns&quot;:&quot;1&quot;,&quot;_animation&quot;:&quot;none&quot;,&quot;cards_columns_mobile&quot;:&quot;1&quot;,&quot;cards_row_gap_tablet&quot;:{&quot;unit&quot;:&quot;px&quot;,&quot;size&quot;:&quot;&quot;,&quot;sizes&quot;:[]},&quot;cards_row_gap_mobile&quot;:{&quot;unit&quot;:&quot;px&quot;,&quot;size&quot;:&quot;&quot;,&quot;sizes&quot;:[]}}\" data-widget_type=\"posts.cards\">\n\t\t\t\t<div class=\"elementor-widget-container\">\n\t\t\t\t\t\t\t<div class=\"elementor-posts-container elementor-posts elementor-posts--skin-cards elementor-grid\" role=\"list\">\n\t\t\t\t<article class=\"elementor-post elementor-grid-item post-1 post type-post status-publish format-standard hentry category-job entry\" role=\"listitem\">\n\t\t\t<div class=\"elementor-post__card\">\n\t\t\t\t<div class=\"elementor-post__text\">\n\t\t\t\t<h3 class=\"elementor-post__title\">\n\t\t\t<a href=\"https:\/\/www.cesamseed.com\/site\/job-new\" >\n\t\t\t\tChef de Projet PLM \u2013 MOM H\/F\t\t\t<\/a>\n\t\t<\/h3>\n\t\t\t\t<div class=\"elementor-post__excerpt\">\n\t\t\t<p>Vos missions : Rattach\u00e9(e) \u00e0 l&rsquo;\u00e9quipe Professional Services en charge de g\u00e9rer des projets d&rsquo;impl\u00e9mentation de nos produits chez nos clients, vous \u00eates responsable d&rsquo;animer l&rsquo;\u00e9quipe projet. Vous<\/p>\n\t\t<\/div>\n\t\t\t\t<\/div>\n\t\t\t\t<div class=\"elementor-post__meta-data\">\n\t\t\t\t\t<span class=\"elementor-post-date\">\n\t\t\t26\/01\/2021\t\t<\/span>\n\t\t\t\t<\/div>\n\t\t\t\t\t<\/div>\n\t\t<\/article>\n\t\t\t\t<\/div>\n\t\t\n\t\t\t\t\t\t<\/div>\n\t\t\t\t<\/div>\n\t\t\t\t\t<\/div>\n\t\t<\/div>\n\t\t\t\t\t<\/div>\n\t\t<\/section>\n\t\t\t\t<\/div>\n\t\t","protected":false},"excerpt":{"rendered":"<p>emploi PLM : Cesam Seed recrute Pourquoi nous rejoindre ? Relevez de passionnants d\u00e9fis D\u00e9couvrez d&rsquo;\u00e9tonnantes possibilit\u00e9s de parcours D\u00e9veloppez votre potentiel de comp\u00e9tences B\u00e9n\u00e9ficiez de conditions motivantes Nos offres<\/p>\n","protected":false},"author":1,"featured_media":0,"parent":0,"menu_order":0,"comment_status":"closed","ping_status":"closed","template":"","meta":{"ocean_post_layout":"","ocean_both_sidebars_style":"","ocean_both_sidebars_content_width":0,"ocean_both_sidebars_sidebars_width":0,"ocean_sidebar":"0","ocean_second_sidebar":"0","ocean_disable_margins":"enable","ocean_add_body_class":"","ocean_shortcode_before_top_bar":"","ocean_shortcode_after_top_bar":"","ocean_shortcode_before_header":"","ocean_shortcode_after_header":"","ocean_has_shortcode":"","ocean_shortcode_after_title":"","ocean_shortcode_before_footer_widgets":"","ocean_shortcode_after_footer_widgets":"","ocean_shortcode_before_footer_bottom":"","ocean_shortcode_after_footer_bottom":"","ocean_display_top_bar":"default","ocean_display_header":"default","ocean_header_style":"","ocean_center_header_left_menu":"0","ocean_custom_header_template":"0","ocean_custom_logo":0,"ocean_custom_retina_logo":0,"ocean_custom_logo_max_width":0,"ocean_custom_logo_tablet_max_width":0,"ocean_custom_logo_mobile_max_width":0,"ocean_custom_logo_max_height":0,"ocean_custom_logo_tablet_max_height":0,"ocean_custom_logo_mobile_max_height":0,"ocean_header_custom_menu":"0","ocean_menu_typo_font_family":"0","ocean_menu_typo_font_subset":"","ocean_menu_typo_font_size":0,"ocean_menu_typo_font_size_tablet":0,"ocean_menu_typo_font_size_mobile":0,"ocean_menu_typo_font_size_unit":"px","ocean_menu_typo_font_weight":"","ocean_menu_typo_font_weight_tablet":"","ocean_menu_typo_font_weight_mobile":"","ocean_menu_typo_transform":"","ocean_menu_typo_transform_tablet":"","ocean_menu_typo_transform_mobile":"","ocean_menu_typo_line_height":0,"ocean_menu_typo_line_height_tablet":0,"ocean_menu_typo_line_height_mobile":0,"ocean_menu_typo_line_height_unit":"","ocean_menu_typo_spacing":0,"ocean_menu_typo_spacing_tablet":0,"ocean_menu_typo_spacing_mobile":0,"ocean_menu_typo_spacing_unit":"","ocean_menu_link_color":"","ocean_menu_link_color_hover":"","ocean_menu_link_color_active":"","ocean_menu_link_background":"","ocean_menu_link_hover_background":"","ocean_menu_link_active_background":"","ocean_menu_social_links_bg":"","ocean_menu_social_hover_links_bg":"","ocean_menu_social_links_color":"","ocean_menu_social_hover_links_color":"","ocean_disable_title":"on","ocean_disable_heading":"default","ocean_post_title":"","ocean_post_subheading":"","ocean_post_title_style":"","ocean_post_title_background_color":"","ocean_post_title_background":0,"ocean_post_title_bg_image_position":"","ocean_post_title_bg_image_attachment":"","ocean_post_title_bg_image_repeat":"","ocean_post_title_bg_image_size":"","ocean_post_title_height":0,"ocean_post_title_bg_overlay":0.5,"ocean_post_title_bg_overlay_color":"","ocean_disable_breadcrumbs":"default","ocean_breadcrumbs_color":"","ocean_breadcrumbs_separator_color":"","ocean_breadcrumbs_links_color":"","ocean_breadcrumbs_links_hover_color":"","ocean_display_footer_widgets":"default","ocean_display_footer_bottom":"default","ocean_custom_footer_template":"0","footnotes":""},"class_list":["post-139","page","type-page","status-publish","hentry","entry"],"yoast_head":"<!-- This site is optimized with the Yoast SEO plugin v27.3 - https:\/\/yoast.com\/product\/yoast-seo-wordpress\/ -->\n<title>Emploi PLM - Cesam Seed<\/title>\n<meta name=\"robots\" content=\"index, follow, max-snippet:-1, max-image-preview:large, max-video-preview:-1\" \/>\n<link rel=\"canonical\" href=\"https:\/\/www.cesamseed.com\/site\/jobs\" \/>\n<meta property=\"og:locale\" content=\"fr_FR\" \/>\n<meta property=\"og:type\" content=\"article\" \/>\n<meta property=\"og:title\" content=\"Emploi PLM - Cesam Seed\" \/>\n<meta property=\"og:description\" content=\"emploi PLM : Cesam Seed recrute Pourquoi nous rejoindre ? Relevez de passionnants d\u00e9fis D\u00e9couvrez d&rsquo;\u00e9tonnantes possibilit\u00e9s de parcours D\u00e9veloppez votre potentiel de comp\u00e9tences B\u00e9n\u00e9ficiez de conditions motivantes Nos offres\" \/>\n<meta property=\"og:url\" content=\"https:\/\/www.cesamseed.com\/site\/jobs\" \/>\n<meta property=\"og:site_name\" content=\"Cesam Seed\" \/>\n<meta property=\"article:modified_time\" content=\"2021-12-17T09:04:33+00:00\" \/>\n<meta property=\"og:image\" content=\"https:\/\/www.cesamseed.com\/site\/wp-content\/uploads\/2021\/11\/challenges.png\" \/>\n<meta name=\"twitter:card\" content=\"summary_large_image\" \/>\n<meta name=\"twitter:label1\" content=\"Dur\u00e9e de lecture estim\u00e9e\" \/>\n\t<meta name=\"twitter:data1\" content=\"1 minute\" \/>\n<script type=\"application\/ld+json\" class=\"yoast-schema-graph\">{\"@context\":\"https:\\\/\\\/schema.org\",\"@graph\":[{\"@type\":\"WebPage\",\"@id\":\"https:\\\/\\\/www.cesamseed.com\\\/site\\\/jobs\",\"url\":\"https:\\\/\\\/www.cesamseed.com\\\/site\\\/jobs\",\"name\":\"Emploi PLM - Cesam Seed\",\"isPartOf\":{\"@id\":\"https:\\\/\\\/www.cesamseed.com\\\/site\\\/#website\"},\"primaryImageOfPage\":{\"@id\":\"https:\\\/\\\/www.cesamseed.com\\\/site\\\/jobs#primaryimage\"},\"image\":{\"@id\":\"https:\\\/\\\/www.cesamseed.com\\\/site\\\/jobs#primaryimage\"},\"thumbnailUrl\":\"https:\\\/\\\/www.cesamseed.com\\\/site\\\/wp-content\\\/uploads\\\/2021\\\/11\\\/challenges.png\",\"datePublished\":\"2021-11-10T11:20:27+00:00\",\"dateModified\":\"2021-12-17T09:04:33+00:00\",\"breadcrumb\":{\"@id\":\"https:\\\/\\\/www.cesamseed.com\\\/site\\\/jobs#breadcrumb\"},\"inLanguage\":\"fr-FR\",\"potentialAction\":[{\"@type\":\"ReadAction\",\"target\":[\"https:\\\/\\\/www.cesamseed.com\\\/site\\\/jobs\"]}]},{\"@type\":\"ImageObject\",\"inLanguage\":\"fr-FR\",\"@id\":\"https:\\\/\\\/www.cesamseed.com\\\/site\\\/jobs#primaryimage\",\"url\":\"https:\\\/\\\/www.cesamseed.com\\\/site\\\/wp-content\\\/uploads\\\/2021\\\/11\\\/challenges.png\",\"contentUrl\":\"https:\\\/\\\/www.cesamseed.com\\\/site\\\/wp-content\\\/uploads\\\/2021\\\/11\\\/challenges.png\",\"width\":512,\"height\":512,\"caption\":\"challenges\"},{\"@type\":\"BreadcrumbList\",\"@id\":\"https:\\\/\\\/www.cesamseed.com\\\/site\\\/jobs#breadcrumb\",\"itemListElement\":[{\"@type\":\"ListItem\",\"position\":1,\"name\":\"Accueil\",\"item\":\"https:\\\/\\\/www.cesamseed.com\\\/site\\\/\"},{\"@type\":\"ListItem\",\"position\":2,\"name\":\"Emploi PLM\"}]},{\"@type\":\"WebSite\",\"@id\":\"https:\\\/\\\/www.cesamseed.com\\\/site\\\/#website\",\"url\":\"https:\\\/\\\/www.cesamseed.com\\\/site\\\/\",\"name\":\"Cesam Seed\",\"description\":\"Growing Together\",\"publisher\":{\"@id\":\"https:\\\/\\\/www.cesamseed.com\\\/site\\\/#organization\"},\"potentialAction\":[{\"@type\":\"SearchAction\",\"target\":{\"@type\":\"EntryPoint\",\"urlTemplate\":\"https:\\\/\\\/www.cesamseed.com\\\/site\\\/?s={search_term_string}\"},\"query-input\":{\"@type\":\"PropertyValueSpecification\",\"valueRequired\":true,\"valueName\":\"search_term_string\"}}],\"inLanguage\":\"fr-FR\"},{\"@type\":\"Organization\",\"@id\":\"https:\\\/\\\/www.cesamseed.com\\\/site\\\/#organization\",\"name\":\"CESAM SEED\",\"url\":\"https:\\\/\\\/www.cesamseed.com\\\/site\\\/\",\"logo\":{\"@type\":\"ImageObject\",\"inLanguage\":\"fr-FR\",\"@id\":\"https:\\\/\\\/www.cesamseed.com\\\/site\\\/#\\\/schema\\\/logo\\\/image\\\/\",\"url\":\"https:\\\/\\\/www.cesamseed.com\\\/site\\\/wp-content\\\/uploads\\\/2021\\\/11\\\/logo_cesamseed.png\",\"contentUrl\":\"https:\\\/\\\/www.cesamseed.com\\\/site\\\/wp-content\\\/uploads\\\/2021\\\/11\\\/logo_cesamseed.png\",\"width\":1009,\"height\":340,\"caption\":\"CESAM SEED\"},\"image\":{\"@id\":\"https:\\\/\\\/www.cesamseed.com\\\/site\\\/#\\\/schema\\\/logo\\\/image\\\/\"}}]}<\/script>\n<!-- \/ Yoast SEO plugin. -->","yoast_head_json":{"title":"Emploi PLM - Cesam Seed","robots":{"index":"index","follow":"follow","max-snippet":"max-snippet:-1","max-image-preview":"max-image-preview:large","max-video-preview":"max-video-preview:-1"},"canonical":"https:\/\/www.cesamseed.com\/site\/jobs","og_locale":"fr_FR","og_type":"article","og_title":"Emploi PLM - Cesam Seed","og_description":"emploi PLM : Cesam Seed recrute Pourquoi nous rejoindre ? Relevez de passionnants d\u00e9fis D\u00e9couvrez d&rsquo;\u00e9tonnantes possibilit\u00e9s de parcours D\u00e9veloppez votre potentiel de comp\u00e9tences B\u00e9n\u00e9ficiez de conditions motivantes Nos offres","og_url":"https:\/\/www.cesamseed.com\/site\/jobs","og_site_name":"Cesam Seed","article_modified_time":"2021-12-17T09:04:33+00:00","og_image":[{"url":"https:\/\/www.cesamseed.com\/site\/wp-content\/uploads\/2021\/11\/challenges.png","type":"","width":"","height":""}],"twitter_card":"summary_large_image","twitter_misc":{"Dur\u00e9e de lecture estim\u00e9e":"1 minute"},"schema":{"@context":"https:\/\/schema.org","@graph":[{"@type":"WebPage","@id":"https:\/\/www.cesamseed.com\/site\/jobs","url":"https:\/\/www.cesamseed.com\/site\/jobs","name":"Emploi PLM - Cesam Seed","isPartOf":{"@id":"https:\/\/www.cesamseed.com\/site\/#website"},"primaryImageOfPage":{"@id":"https:\/\/www.cesamseed.com\/site\/jobs#primaryimage"},"image":{"@id":"https:\/\/www.cesamseed.com\/site\/jobs#primaryimage"},"thumbnailUrl":"https:\/\/www.cesamseed.com\/site\/wp-content\/uploads\/2021\/11\/challenges.png","datePublished":"2021-11-10T11:20:27+00:00","dateModified":"2021-12-17T09:04:33+00:00","breadcrumb":{"@id":"https:\/\/www.cesamseed.com\/site\/jobs#breadcrumb"},"inLanguage":"fr-FR","potentialAction":[{"@type":"ReadAction","target":["https:\/\/www.cesamseed.com\/site\/jobs"]}]},{"@type":"ImageObject","inLanguage":"fr-FR","@id":"https:\/\/www.cesamseed.com\/site\/jobs#primaryimage","url":"https:\/\/www.cesamseed.com\/site\/wp-content\/uploads\/2021\/11\/challenges.png","contentUrl":"https:\/\/www.cesamseed.com\/site\/wp-content\/uploads\/2021\/11\/challenges.png","width":512,"height":512,"caption":"challenges"},{"@type":"BreadcrumbList","@id":"https:\/\/www.cesamseed.com\/site\/jobs#breadcrumb","itemListElement":[{"@type":"ListItem","position":1,"name":"Accueil","item":"https:\/\/www.cesamseed.com\/site\/"},{"@type":"ListItem","position":2,"name":"Emploi PLM"}]},{"@type":"WebSite","@id":"https:\/\/www.cesamseed.com\/site\/#website","url":"https:\/\/www.cesamseed.com\/site\/","name":"Cesam Seed","description":"Growing Together","publisher":{"@id":"https:\/\/www.cesamseed.com\/site\/#organization"},"potentialAction":[{"@type":"SearchAction","target":{"@type":"EntryPoint","urlTemplate":"https:\/\/www.cesamseed.com\/site\/?s={search_term_string}"},"query-input":{"@type":"PropertyValueSpecification","valueRequired":true,"valueName":"search_term_string"}}],"inLanguage":"fr-FR"},{"@type":"Organization","@id":"https:\/\/www.cesamseed.com\/site\/#organization","name":"CESAM SEED","url":"https:\/\/www.cesamseed.com\/site\/","logo":{"@type":"ImageObject","inLanguage":"fr-FR","@id":"https:\/\/www.cesamseed.com\/site\/#\/schema\/logo\/image\/","url":"https:\/\/www.cesamseed.com\/site\/wp-content\/uploads\/2021\/11\/logo_cesamseed.png","contentUrl":"https:\/\/www.cesamseed.com\/site\/wp-content\/uploads\/2021\/11\/logo_cesamseed.png","width":1009,"height":340,"caption":"CESAM SEED"},"image":{"@id":"https:\/\/www.cesamseed.com\/site\/#\/schema\/logo\/image\/"}}]}},"_links":{"self":[{"href":"https:\/\/www.cesamseed.com\/site\/wp-json\/wp\/v2\/pages\/139","targetHints":{"allow":["GET"]}}],"collection":[{"href":"https:\/\/www.cesamseed.com\/site\/wp-json\/wp\/v2\/pages"}],"about":[{"href":"https:\/\/www.cesamseed.com\/site\/wp-json\/wp\/v2\/types\/page"}],"author":[{"embeddable":true,"href":"https:\/\/www.cesamseed.com\/site\/wp-json\/wp\/v2\/users\/1"}],"replies":[{"embeddable":true,"href":"https:\/\/www.cesamseed.com\/site\/wp-json\/wp\/v2\/comments?post=139"}],"version-history":[{"count":75,"href":"https:\/\/www.cesamseed.com\/site\/wp-json\/wp\/v2\/pages\/139\/revisions"}],"predecessor-version":[{"id":2097,"href":"https:\/\/www.cesamseed.com\/site\/wp-json\/wp\/v2\/pages\/139\/revisions\/2097"}],"wp:attachment":[{"href":"https:\/\/www.cesamseed.com\/site\/wp-json\/wp\/v2\/media?parent=139"}],"curies":[{"name":"wp","href":"https:\/\/api.w.org\/{rel}","templated":true}]}}